. What are the prime factors of i?
2, 3, 23
Suppose -5*o = 3*v + 20 - 343, 5 = 5*v. Suppose -57 = -2*w - i + 12, 0 = -2*w + 4*i + o. List the prime factors of w.
2, 17
Suppose -1059 = -4*b - 5*v, -5*v = 4*b - 2*v - 1061. What are the prime factors of b?
2, 7, 19
Let x be (-12)/(-6) + (-3)/(-1). What are the prime factors of 86/5*x/2?
43
Let s(j) = 127*j**2 + 9*j - 13. What are the prime factors of s(2)?
3, 19
Let x = -5 + 8. Let g = -241 - -233. Let r = x - g. What are the prime factors of r?
11
Suppose 4*a = 2*a + 2264. List the prime factors of a.
2, 283
Suppose 354 = 3*m - 150. Let r = m - 79. What are the prime factors of r?
89
Suppose 0 = 4*m - 248 - 440. Suppose 3*f - 5*r = m, 2*f + 0*f + r = 132. What are the prime factors of f?
2
Suppose 0*m + 2*m - 3*v - 25 = 0, 3*m + 4*v - 46 = 0. Let y = 11 - m. List the prime factors of 15 + (9/y - -6).
2, 3
Suppose 10 = -2*m + 6*j - 4*j, 2*m - 3*j = -15. Suppose m = -c - 4*c + 15. List the prime factors of (c - -9) + (-6)/2.
3
Let p = 49 + 11. What are the prime factors of 4/(-10) - (-3264)/p?
2, 3
Let g(f) = f**2 + 2*f - 15. Let p be g(-6). Let o be (-18)/p*35/2. List the prime factors of 42/o*30/(-4).
3
Let x = -435 - -742. What are the prime factors of x?
307
Let w be (-340)/15 + (-4)/(-6). Let n = -17 - w. Suppose -h + 2*h - 60 = -n*i, 3*h - 95 = 2*i. List the prime factors of h.
5, 7
Let d be 3/(-2)*(-40)/15. Suppose 0 = -j - 5*q + 96, -d*q + q + 392 = 5*j. List the prime factors of j.
2, 19
Let c = 6 + -9. Let u be 3/c*4/(-2). Suppose -3*t = -u*w - 7 - 19, -2*t = 3*w. What are the prime factors of t?
2, 3
Let r = 9 - 30. Let n be (-6)/(-21) - 36/r. Suppose 0*i - 2*s = n*i - 92, 3 = s. What are the prime factors of i?
43
Let w(k) = -54*k + 38. What are the prime factors of w(-8)?
2, 5, 47
Let o(d) = -4*d**2 + 8*d + 1. Let i(q) = 8*q**2 - 17*q - 3. Let m(t) = -4*i(t) - 9*o(t). Let v be m(2). Suppose -15 = -2*p + v. What are the prime factors of p?
13
Let v(a) = -a**3 + 8*a**2 + a - 8. Let l be v(8). Suppose -2*w = r - 32, 0 = -2*r - 3*w - l*w + 61. Let u = r - 15. List the prime factors of u.
11
What are the prime factors of 5328/9 + (-3 + 3)/(-3)?
2, 37
List the prime factors of ((-573)/18)/((-15)/90).
191
Let n be -1*(1 + -2 + (-2)/(-1)). List the prime factors of 1/(-2)*n + 75/10.
2
Let n(r) = -322*r - 184. What are the prime factors of n(-4)?
2, 3, 23
Suppose f - k + 4*k - 688 = 0, -2*f + 1348 = -k. List the prime factors of f.
2, 13
Suppose -4*l - 961 + 53 = -2*c, -l = 1. List the prime factors of c.
2, 113
Suppose 141*b - 766567 = 2729. What are the prime factors of b?
2, 11, 31
Let g = -32 + 48. Let w = 92 - g. List the prime factors of w.
2, 19
Let g(q) = -49*q + 29. Suppose t + 33 = -2*t. Let w(o) = 16*o - 10. Let c(a) = t*w(a) - 4*g(a). What are the prime factors of c(3)?
2, 3
Let p(b) = 2*b - 1. Let h be p(2). Suppose -4*q + 5*q - 50 = -2*x, -2*q - x + 97 = 0. Suppose 0 = -h*c + 7*c - q. What are the prime factors of c?
2, 3
Let k = -29 - -12. Let r = 34 - k. What are the prime factors of r?
3, 17
Let k(n) = n**3 - 5*n**2 + 16*n + 9. Let x be ((-3)/(45/35))/((-1)/3). What are the prime factors of k(x)?
3, 73
Let d be ((-2)/(-3))/((-2)/(-15)). Suppose 4*b - 84 = -0*b + 3*h, 50 = 3*b + h. Suppose d*k - 46 = -4*l, k = -k - 2*l + b. What are the prime factors of k?
2, 5
Suppose -3*u = -2*u + 13. Let i = u - -18. Suppose 0 = -3*v + i*v - 106. What are the prime factors of v?
53
Suppose -4*w = -652 - 764. Let x = w + -216. Suppose -4*j + 390 = x. What are the prime factors of j?
3, 7
Let o(s) = -s**2 + 12*s - 12. Let d = -18 - -23. Suppose 2 = -3*m + d, -m = -2*x + 11. List the prime factors of o(x).
2, 3
Let i = 133 - 131. Suppose -i*s - 3*h + 594 = s, h - 807 = -4*s. What are the prime factors of s?
7, 29
Let v(j) = -j**3 - 5*j**2 + 9*j + 12. Let f be v(-6). Let k(u) = -15*u + 25. List the prime factors of k(f).
5, 23
Let p = 18 - 16. Suppose 168 + 31 = p*c + t, 3*t - 495 = -5*c. What are the prime factors of c?
2, 3, 17
Let i(o) = 22*o**3 - 2*o - 4. Let y(d) = -d**2 - 5*d + 16. Let k be y(-7). List the prime factors of i(k).
2, 3, 7
Suppose -4 = -2*u + 2. Let r(o) = -20*o + 2. Let j be r(u). Let s = -33 - j. List the prime factors of s.
5
Suppose -9 = -3*z - 0. Suppose z*x - 123 = -0*x. What are the prime factors of x?
41
Let k = 3 + -5. Let y(t) = 9*t + 3*t + 7*t**2 + 3 - 9*t. What are the prime factors of y(k)?
5
Let r(f) = -f**3 + 10*f**2 - f + 12. Let i be r(10). Let l be (2/(-2))/(i/(-70)). What are the prime factors of 1456/l - 4/(-10)?
2, 3, 7
Let k = 76 + -74. Let f(w) = 20*w**2 + 3*w - 8. List the prime factors of f(k).
2, 3, 13
Let u(o) = -o**2 + 44*o + 119. What are the prime factors of u(38)?
347
Suppose 0 = 5*s + 2*k + k - 20, -2*k = 5*s - 25. Suppose 800 = -s*o + 11*o. What are the prime factors of o?
2, 5
Suppose 3*t - 38 = 5*n, t + 32 = 5*t - 2*n. Let s be (3 + (-63)/15)*-5. What are the prime factors of (62/t)/(2/s)?
31
Let i(v) = v**3 + 9*v**2 - 12*v - 9. Let q be i(-11). Let n = q - -203. List the prime factors of n.
2, 3, 7
Let n = -1181 - -2010. List the prime factors of n.
829
Suppose -2*k - 12 = -k. Let f be ((-12)/(-15))/((-4)/(-50)). What are the prime factors of (25/f)/((-2)/k)?
3, 5
Suppose -4*f + 3*c = 10, -4*f - 5*c = 10 + 16. What are the prime factors of (2/f)/((-1)/204)?
2, 3, 17
Let z = 8 + -3. Suppose -a - z*f - 5 = 0, -2*f + 3 = 5. List the prime factors of (a - -1)/((-9)/(-198)).
2, 11
Let j be 1*-1*(11 + -13). Suppose j*k + 570 = 2*q, q - 4*k = 5*q - 1100. List the prime factors of q.
2, 5, 7
Suppose -54 = -4*o + 2*o + 2*r, -5*r = -2*o + 63. Let l be ((-78)/o)/((-2)/24). Let i = l + -28. List the prime factors of i.
11
Let n = -44 - -172. What are the prime factors of n?
2
Suppose 3*p - 1555 = -4*s, -4*p = -4*s - 2*p + 1550. Let h = -179 + s. What are the prime factors of h?
11, 19
Suppose 5*g = -4*s - 68, -3*g + 4*s - 53 = 7. Let r(j) = j**3 + 17*j**2 + 6*j - 19. List the prime factors of r(g).
3, 47
Let m(v) = -v**2 + 3*v - 1. Let j be m(2). What are the prime factors of -9 + 7 + 51/j?
7
Let w = -78 - -31. Let a = 7 + w. Let f = a + 59. What are the prime factors of f?
19
Let a be (-5 + 1)*(-2)/8. List the prime factors of (83 - -9)*a/1.
2, 23
Let h(q) = q**3 + q**2 - q + 69. Suppose -4*f + 0*f = 0. What are the prime factors of h(f)?
3, 23
Suppose 0 = 5*z - 3 - 7. Suppose -4*m + 28 = -3*w, 5*m + 3*w + z*w = 0. Suppose m*k + 10 = 2*o, o + 2*k = k + 8. List the prime factors of o.
7
Let f = 37 - 32. Suppose -2*n - 312 = -4*r, f*r - r - 3*n = 314. What are the prime factors of r?
7, 11
Suppose -4*f - 3*j = -7*f + 999, -4*f + 1341 = -j. What are the prime factors of f?
2, 3, 7
Let t = 9939 + -5803. What are the prime factors of t?
2, 11, 47
Let d = -4281 + 8390. List the prime factors of d.
7, 587
Suppose 0 = 3*w - d - 50, -w = -5*w - 4*d + 88. Let i(y) = y**3 + 5*y**2 - y - 4. Let k be i(-5). Suppose w = x - k. List the prime factors of x.
19
Let q(r) = -r**3 + 11*r**2 - r + 5. Let m be q(11). What are the prime factors of 3/((-2 - m)/8)?
2, 3
Suppose -16 = 4*d, -3354 = -3*b - 43*d + 40*d. List the prime factors of b.
2, 3, 11, 17
Let i(b) = -9*b**2 + 5*b - 7. Let j(f) = 21 - 5*f - 4*f - 8 + 0*f + 17*f**2. Let n(q) = 11*i(q) + 6*j(q). What are the prime factors of n(-2)?
11
Suppose -3*y + 2168 = -y - 2*x, 4*y + 5*x - 4300 = 0. List the prime factors of y.
2, 3, 5
Let j(x) = -x**2 + 9*x + 7*x**2 + 4*x - 6 - 9*x. What are the prime factors of j(3)?
2, 3, 5
Let n(g) = -238*g - 233. List the prime factors of n(-13).
2861
Suppose -f = -2*f + 2. Let n(r) = 6*r**3 - 3*r**2 + r - 1. What are the prime factors of n(f)?
37
Let h(k) = k**2 + 10*k + 188. What are the prime factors of h(-54)?
2, 641
Let n be 322/70 - 3/5. Suppose -n*h + 100 = -172. What are the prime factors of h?
2, 17
Let g = -98 - -98. Suppose g = 86*b - 84*b - 418. What are the prime factors of b?
11, 19
Let d(t) be the first derivative of 13*t**3/6 + t**2/2 + 6*t - 6. Let i(a) be the first derivative of d(a). List the prime factors of i(2).
3
Let y(b) = 137*b + 16. Let n = 47 - 45. What are the prime factors of y(n)?
2, 5, 29
Suppose h - 5*h - 5*f + 161 = 0, -3*f = -5*h + 229. List the prime factors of h*(-3)/(24/(-20)).
2, 5, 11
Suppose 6*y - 5206 = 5*y + 2*o, -4*o - 15624 = -3*y. Lis